-2*p**2 + p. Let q(k) = -7*b(k) + 4*s(k). Let a(x) = -x + 2. Let i be a(6). Calculate q(i).
-4
Let q(y) = 5*y + 6. Let i(n) = -3*n**2 - 2*n + 1. Let f be i(1). Give q(f).
-14
Suppose 0 = 5*y + 5*j + 45, y + 5*j + 30 = -y. Let s(o) = o + 1. Calculate s(y).
-4
Let m(v) = -v + 4. Suppose 2*s + 15 = 3*h, 3*h - h - 15 = 3*s. Determine m(s).
7
Let i(g) be the third derivative of -g**5/60 + 5*g**4/12 - 4*g**3/3 - 57*g**2. Determine i(9).
1
Let d(c) = c**3 + 3*c**2 + 5. Let g be 5 + 3 + -2 + 2. Let i = g - 12. Determine d(i).
-11
Let m(f) = f + 1. Suppose 2*g + q - 12 = 0, -3*q + 7 = 1. Suppose g*j = -0*j + 65. Let t = 9 - j. Give m(t).
-3
Suppose -n + 7 = -3*u + n, 3*u - 4*n + 17 = 0. Let d(v) = -13*v**2 + u + 0*v + 0*v + 15*v**2. What is d(1)?
3
Let s(y) = -3*y. Let q(h) = -h**2 - 9*h - 8. Let o = -15 - -7. Let j be q(o). Let w = j + 2. Give s(w).
-6
Suppose -3*g = 5*o - 2*g + 10, -o + 3*g + 14 = 0. Suppose -17 - 1 = -6*x. Let c be o/(1*(x - 2)). Let b(m) = 11*m - 1. Determine b(c).
-12
Let q be 0 + 4 + 12/(-3). Let v(z) be the third derivative of 0 - 1/120*z**6 + q*z + 2*z**2 - 1/4*z**4 - 1/10*z**5 + 0*z**3. Give v(-5).
5
Suppose -3*a = 3*m + 5 + 4, 0 = -a - 2*m - 6. Let f(o) = o**3 - o**2 - 4. What is f(a)?
-4
Let x(j) = j**2 - 27*j + 22. Let i be x(26). Let f(w) = -w - 2. Give f(i).
2
Suppose -112 = -3*z + 4*h, -2*z - 3*h - 10 = -79. Suppose 0 = 5*t + 11 - z. Let a(r) = r - 7. Calculate a(t).
-2
Let a(d) = -2 + 6 - d**2 + d + 3*d. Let x be 8/(-6)*12/(-4). Give a(x).
4
Let i(x) = -7*x**3 - 6*x**2 + 7*x + 4. Let k = 26 - 28. Let y(z) = 3*z**3 + 3*z**2 - 4*z - 2. Let v(u) = k*i(u) - 5*y(u). What is v(-4)?
-6
Let o be 4*(1 - 0)*3. Suppose 0*u - o = -4*u. Let j(w) = w**3 - 2*w**2 - 2*w - 4. What is j(u)?
-1
Let d(k) = -k**2 - 5*k - 3. Let x = -10 - -5. Determine d(x).
-3
Suppose f + 7 = 3*d - 3*f, -4*d - 3*f = -1. Let x(y) = -4*y**3 + 6*y**3 - 1 - y**3 + 4*y**3. Determine x(d).
4
Let n(q) = -6*q**3 + 6*q + 3. Let f(m) = 5*m**3 + m**2 - 6*m - 2. Let t(v) = 5*f(v) + 4*n(v). Let s be (-54)/10 - (-3)/(-5). What is t(s)?
2
Let w(c) = c + 4. Let x = -7 + 10. Let u(p) = 1. Let s(k) = x*u(k) - w(k). Give s(4).
-5
Let v(c) be the second derivative of -c**5/20 + c**4/4 + c**3/3 + 3*c**2/2 - 2*c. Calculate v(4).
-5
Let p = 2 - 3. Let k(z) = 8240 - 8240 - 5*z. Give k(p).
5
Let w(h) = -5*h + h**3 + h**2 - 3*h**2 - 3 - 2*h**2. Suppose 6 = 2*a - 4. Calculate w(a).
-3
Let d(u) = u - 15. Suppose -5*c + 5*i = -45, -3*c = -i - 11 - 12. Determine d(c).
-8
Let d = -142 - -154. Let a(t) = t**2 - 13*t + 6. Determine a(d).
-6
Let p(c) be the first derivative of -c**3/3 + 5*c**2/2 - 2*c - 1. Suppose 5*y = -0*y + 25. Let k be y - (4 + -2*1). What is p(k)?
4
Let s be 2/(-4) + (-1)/2. Let c be (s/3)/(2/(-12)). Let h(m) be the second derivative of m**3/3 - 3*m**2/2 + 6*m. Calculate h(c).
1
Let r(h) = -h - 8. Let p be -6 + 6 - (-41)/1. Let c = p + -26. Let z be 0 + (-5)/(c/12). Give r(z).
-4
Let g(c) = c**3 - 6*c**2 + 5*c - 1. Suppose -4*o + 5 = -15. Calculate g(o).
-1
Let s(p) be the third derivative of 1/120*p**6 + 0*p + 1/8*p**4 - 3*p**2 + 1/3*p**3 + 0 + 1/12*p**5. Let a be 0/(0 - 2) + -4. Give s(a).
6
Let s(q) = q**3 + 2*q**2 - 3*q + 2. Let z be 3/(-2)*(-56)/12. Let j(v) = 3*v - 2. Let g be j(2). Suppose -z*p - 27 = -3*p + 3*c, g*p + 4*c = -32. Give s(p).
2
Suppose 3*k - 15 = -3*n, 0 = 2*n + 5*k - 11 + 1. Let g(m) = m + 1. Let h(t) = -t**2 + 5*t + 3. Let b(y) = g(y) + h(y). Calculate b(n).
9
Let b(m) = -13 + m + m + 21. What is b(-6)?
-4
Let w(v) = v**3 + 9*v**2 + 2. Let t be (-12)/(-10)*120/(-16). Calculate w(t).
2
Suppose -20*k + 16 = -12*k. Let p(s) be the third derivative of -1/120*s**6 + 0*s**3 + 0 + 0*s + s**2 - 1/60*s**5 + 1/12*s**4. Determine p(k).
-8
Let x(j) = 4*j**3 + 0*j - 5*j**3 + 4*j**3 - j. Let z = -6 + 7. Suppose -2*m = -z - 1. Give x(m).
2
Let l = 26 - 29. Let t(g) = g**3 + g**2 - 3*g + 3. Determine t(l).
-6
Let r(t) = t**2 - t. Let k(u) = 3*u**2 - 3*u - 1. Let w(h) = 2*k(h) - 7*r(h). Suppose -5*l = -2 - 3, -4*o = -4*l + 68. Let x = 18 + o. Determine w(x).
-4
Let n(o) = -o**3 - o**2 - 9. Let j(d) = d**2 + 13*d + 17. Let i be j(-12). Let u(r) = r**2 - 4*r - 5. Let v be u(i). What is n(v)?
-9
Let o(p) be the third derivative of -p**5/60 + p**4/24 - p**3/2 + 7*p**2. Let m be (-3)/(-2)*(-2)/(-1). Determine o(m).
-9
Let t(i) be the first derivative of -i**5/60 + i**4/3 - 2*i**3/3 + 7*i**2/2 + 7. Let q(h) be the second derivative of t(h). Give q(6).
8
Suppose 0 = 3*y + 2*y - 10. Let k(m) = -4 + m + m**3 - 1 + 0*m**3 - 7*m**y + 3. Calculate k(7).
5
Let i = 35 + -35. Let x(r) = r - 9. Calculate x(i).
-9
Let l(a) = -a**2 - 4*a - 2. Let u be l(-3). Let c(s) = 4*s. Give c(u).
4
Let p(n) be the third derivative of -1/2*n**3 - 1/60*n**5 - 2*n**2 + 0*n + 0 + 1/8*n**4. Determine p(3).
-3
Let u(d) = -4 + 1 + d + 1. Suppose -q + 10 = j - 21, -q - 4*j = -16. Let t be 152/q + (-4)/18. Calculate u(t).
2
Let d be (2 - 112/49)/(2/(-42)). Let m(h) = -1 - h - 2 + 0*h. Calculate m(d).
-9
Let o(m) = m - 4. Suppose -c - 2 = -5. Let n be (1 + -10)/(c/2). Let i(z) = z + 6. Let j be i(n). Calculate o(j).
-4
Let m(y) be the second derivative of -y**5/20 + y**4/4 - y**3/6 + 2*y**2 - 4*y. Give m(4).
-16
Let m(c) = c**2 + 3*c - 1. Let k(w) = 3*w**2 + 7*w - 1. Let d(g) = 2*k(g) - 5*m(g). Determine d(0).
3
Let g(m) be the first derivative of -m**2/2 - m + 17. Let a = 1 + -4. Calculate g(a).
2
Let r(x) be the second derivative of -5*x**3/6 + 7*x. What is r(1)?
-5
Let y(x) = x**2 + 10*x - 7. Let g(w) = -w**3 + 2*w - 10. Let k be g(0). Determine y(k).
-7
Let s(z) be the first derivative of -z**6/120 + z**5/12 - z**4/6 - 2*z**3/3 - z**2 + 3. Let t(g) be the second derivative of s(g). What is t(4)?
-4
Let o(p) = 5*p**2 + 8 - 4 - p**3 + 1 - 1 - 7*p. Give o(4).
-8
Let v(y) = -y**3 - 2*y**2 + y. Suppose 1 = 3*g - 3*c + 4, -4*g = 4*c + 12. Determine v(g).
-2
Let w = -7 + 10. Let k(d) = 4 + 2*d - 1 - w. Let t(a) = -a**2 + 4*a - 2. Let c be t(4). Give k(c).
-4
Let q be (2 + 20/(-8))*0. Let i(d) = -d**3 + 6*d**2 + 7*d - 12. Let x(l) = -l**3 + 7*l**2 + 8*l - 13. Let b(r) = 7*i(r) - 6*x(r). What is b(q)?
-6
Let c(r) = -r**3 - r**2 + r + 1. Let s = 39 + -39. Give c(s).
1
Let h = 88 + -93. Let y(k) = 2*k - 9. Let v(n) = 3*n - 17. Let w(u) = 4*v(u) - 7*y(u). Determine w(h).
5
Let o(l) be the first derivative of -1/4*l**4 + 1/2*l**2 + 0*l - 3 + 0*l**3. Let s = 0 + 1. Determine o(s).
0
Let s(m) = m**3 - 6*m**2 + 5*m - 7. Suppose -9 = 2*x + 5. Let i = -2 - x. Determine s(i).
-7
Let b be -2*1/6*-3. Suppose -y + c = 3*c - 8, 0 = 3*y - c - 3. Let x(l) = 2*l - 3 + y - 3*l. What is x(b)?
-2
Let x = 17 + -13. Let a(m) = 2*m - 5. What is a(x)?
3
Suppose 3*p - 9 = 3*k, 3*p - 21 = -2*p - k. Let m(s) = 3*s - 2. Give m(p).
10
Let c(p) = -7*p - 4. Let m(g) = -5*g + 8*g + 4 + 5*g. Let i(s) = 6*c(s) + 5*m(s). Let a(r) = -5*r - 11. Let q(z) = -3*a(z) + 8*i(z). Determine q(-3).
4
Let c(t) = t**3 - 7*t**2 + 5*t - 2. Let d = -3 - -9. Calculate c(d).
-8
Suppose -36 = 6*i - 2*i. Let a(g) = g + 10. Let j be a(i). Let s(z) = 5 - z - 3 - j. Give s(-6).
7
Let w be (21/6)/((-2)/(-4)). Let u = w - 3. Suppose -5*q + u*x + 0*x - 6 = 0, 0 = -2*q - 3*x + 16. Let y(m) = m**3 - 3*m**2 + 2*m + 2. Calculate y(q).
2
Let h(v) = 5*v**2 - 8*v + 7. Let s(m) = -5*m - 2 - 2*m + 4*m**2 + 5 + 3. Let z(a) = -5*h(a) + 6*s(a). Suppose w = 2*u + 3*w + 8, 0 = -2*u - 3*w - 10. Give z(u).
1
Let r(n) = -2*n + 0*n - 1 + 4*n + 2. Calculate r(-3).
-5
Suppose -2*s - 3*s = -15. Suppose -4*z = 2*y + 2 + 4, -25 = s*y - 2*z. Let b = 11 + y. Let n(m) = -m**3 + 4*m**2 + 2*m. Give n(b).
8
Let r(w) = w**3 - 9*w**2 - 11*w + 2. Let h(t) = t - 4. Let n be h(14). Determine r(n).
-8
Let q(s) = -3*s + 12. Let j(u) = -2*u + 11. Let k(p) = 5*j(p) - 4*q(p). Give k(-5).
-3
Suppose 0 = 3*v + 20 - 86. Suppose 0 = -5*w + v - 2. Suppose 4*j + w = 8*j. Let n(u) = -7*u**2 - 2*u + 1. Determine n(j).
-8
Let y(q) = -q**2 - 10*q - 10. Let c(t) = -2*t**2 - 21*t - 21. Let n(h) = 6*c(h) - 13*y(h). Suppose 0 = -4*p - 3*k + 2*k - 16, 3*k = 0. Determine n(p).
4
Let o = 10 - 17. Let m(c) = -c**2 - 8*c - 2. Calculate m(o).
5
Let l = 4 - 3. Let n(c) = -14*c + 6*c + 3*c - 4*c**2 + 4*c. What is n(l)?
-5
Let c = -6 + 2. Let z(m) = -m - 4 + 2 - 4. Determine z(c).
-2
Let r be 3 + -3 - (6 + -1). Let x be (